
Suppose 9 = 5*d - 3*k, -d + k + 3 - 2 = 0. Suppose 2*v = 4, -d*i - v = -i - 266. What is the hundreds digit of i?
1
What is the tens digit of (1188/176)/((-3)/(-160))?
6
Suppose -111*k = -107*k - 616. What is the hundreds digit of k?
1
Let p(s) = -s**3 + 7*s**2 - 5*s - 6. Let b(w) = -w**3 + 7*w**2 + 8*w + 5. Let o be b(8). What is the units digit of p(o)?
9
Let i be (-16)/10 + (-12)/(-20). Let w be (i/3)/((-14)/1302). What is the tens digit of 0 + 3/(-1) + w?
2
Let w(m) = 11*m**2 + 4*m - 7. What is the hundreds digit of w(5)?
2
Let n(s) be the second derivative of -s**4/12 + s**3/3 + 55*s**2/2 - 14*s. Let r be (-1)/(-4) + 2/(-8). What is the units digit of n(r)?
5
Suppose 4*m - 5*s + 488 = 3591, -2*s + 3138 = 4*m. What is the hundreds digit of m?
7
Suppose 3*a - 68*y - 1383 = -65*y, 0 = -2*y - 6. What is the tens digit of a?
5
Let k be 4 + -7 + (-1)/(-1). Let z(i) = 7*i**2 + 3*i + 1. What is the units digit of z(k)?
3
Let f(a) = 19*a + 8. Let x(t) = -2*t**2 - 10*t - 6. Let w be x(-4). What is the units digit of f(w)?
6
Let r = -7 - -10. What is the tens digit of (-2)/r + (-1045)/(-15)?
6
Suppose -43 = -2*c + 53. Let f = 21 - 17. Suppose -f*d + 32 = -c. What is the tens digit of d?
2
Let q = 146 - 10. Let x = 16 + q. Suppose x = 3*g - 7. What is the tens digit of g?
5
Let b = 43 - 61. What is the hundreds digit of (-2493)/b - 2/(-4)?
1
Let o(r) be the first derivative of r**3/3 - 3*r**2 - 28*r - 16. What is the units digit of o(-7)?
3
Suppose -5*u + 1 = 4*d - 8, -5*u + 15 = 5*d. Suppose -41 = -3*v + 4*y, 2*v - 3*y - 5 = 23. Suppose d = -5*s + v. What is the units digit of s?
1
Suppose -2*l + 1216 = 104. What is the hundreds digit of l?
5
Let r = 226 - 219. What is the units digit of r?
7
Suppose -5*y + 19*t = 16*t - 333, 5*y + t - 329 = 0. What is the units digit of y?
6
What is the tens digit of 198/(-462) - (-6264)/14?
4
Suppose -4*x + 17 = 3*z, -4*z + 2 + 12 = x. Suppose 5*r + 3*s - 1675 = 0, -z*r - 1006 = -6*r - 2*s. What is the tens digit of r?
3
Suppose -63*f + 2876 = -61*f. What is the hundreds digit of f?
4
Let f = -140 + 142. What is the units digit of (-1 - f)*287/(-3)?
7
Suppose q = 4*q - 114. Let l = q + -25. Suppose -3*j = 3*t - 18, 4*j + 5*t - l = 13. What is the units digit of j?
4
Let l be 16/(-6)*(-3)/2. Suppose 0*z = -l*z + 96. Suppose -p + 8 = -z. What is the units digit of p?
2
What is the units digit of ((-21)/(-14))/(-2*(-18)/46896)?
4
Suppose 5*n = -4*z - 436, 1 = -3*z + 4*z. Let p = n - -176. What is the units digit of p?
8
Let n be (270/36)/(1/(-12)). What is the units digit of (-319)/(-5) + (-18)/n?
4
Let u(b) = -b**2 - 5*b + 6. Let g be u(-6). Suppose g = -n - 0 + 20. Let r = n - -10. What is the tens digit of r?
3
Let d(o) = o**2 + 2*o. Suppose 3*t = v - 2*v - 13, 0 = 5*t + 2*v + 22. Let i be d(t). Suppose 0 = i*y - 5*y - 15. What is the units digit of y?
5
Let i = -34 - -37. Suppose x - 34 = -3*p, i*p = 5*p - 10. Suppose -g = -46 - x. What is the tens digit of g?
6
Let j = 132 + -40. Let r = j - 63. What is the tens digit of r?
2
Let t(l) = 2*l**3 - 2*l**2 + 3*l + 2. Let z = 14 - -2. Suppose -5*i - 2*h = -5, 0 = 2*i - 4*i + 2*h + z. What is the units digit of t(i)?
7
Suppose 2 - 6 = -2*p. Suppose -p*l + 7*l = 95. What is the units digit of l?
9
Suppose 3*q + 16 = 4*z, -4*z + 11 = 2*q - 5. Suppose z*h - 2*r = -34, -h - 35 = h + 5*r. Let f = h + 11. What is the units digit of f?
1
Suppose 73 = -2*h - 5*k - 14, -5*h - 5*k = 195. What is the units digit of (-2)/(-6) + (-1608)/h?
5
Let d(r) = 339*r**2 + r + 1. What is the hundreds digit of d(-1)?
3
Suppose -4*f - 2*f = -516. Suppose -4*l + 260 = -4*x, 3*l - f - 84 = -2*x. What is the units digit of l?
0
Let c = 174 - -178. What is the hundreds digit of c?
3
Let u = 160 + -60. What is the tens digit of 36/10*u/15?
2
Suppose 2*k = -2*w + 3*w - 298, -4*w + 1189 = -5*k. What is the tens digit of w?
9
Suppose -226 = -9*a + 6*a - 4*l, 0 = 5*a - 3*l - 338. What is the tens digit of a?
7
Let f(g) = -g**2 - g + 18. Let a(r) = 2*r**2 + r - 35. Let x(j) = 3*a(j) + 5*f(j). What is the units digit of x(6)?
9
Let u be (15 + -7)*1/2. Suppose 4*w = 3*c + 30, -3*w + 10 + u = 2*c. What is the tens digit of (81/w)/((-21)/(-56))?
3
What is the hundreds digit of (14 - 13)/(1/379)?
3
Suppose 161 = -4*j + 2*y - 419, -5*j + 5*y = 725. Let x = 224 + j. What is the units digit of x?
9
Suppose -5*i + 5*x = -30995, -i + 6179 = 5*x - x. What is the tens digit of i?
9
Let y(m) be the third derivative of m**6/120 + m**5/15 + m**4/6 + m**3/2 + m**2. Let c be y(-2). Suppose c*j + j = 8. What is the units digit of j?
2
Let x(w) = -14*w - 4. Let r(m) = -29*m - 8. Let t(d) = 6*r(d) - 13*x(d). What is the tens digit of t(2)?
2
Suppose 518 = 2*j - 102. Suppose 20*t - 15*t - j = 0. What is the units digit of t?
2
Suppose 4*t + 0*t = -576. Let k be (t/(-45))/((-4)/(-70)). Suppose 2*r = -2*r + k. What is the units digit of r?
4
Let p(a) = 88*a + 529. What is the units digit of p(19)?
1
Let x(n) = -n**2 + 12*n - 2. Let m = 1 - -10. What is the units digit of x(m)?
9
Suppose -9*y + 51 = -75. What is the units digit of 301/y*(8 + 2/(-1))?
9
Suppose 3 = 2*y - 1. Suppose 11 = -u - y*r, 0*r + 8 = -2*r. What is the tens digit of (u + 2)/3*-177?
5
Let l = -1619 - -2306. What is the tens digit of l?
8
Let l be 4/8*-26 + -4. Let d = l + 28. Suppose -d*g + 7*g + 68 = 0. What is the units digit of g?
7
Suppose -33 - 27 = -2*m. Let o be (m/4 - 3)*2. Suppose -o*u + 10*u = 11. What is the units digit of u?
1
Suppose -9 = 4*g - 2*z - 31, -12 = 4*z. Suppose k - g = -k. Suppose 0 = -k*u + u + 33. What is the tens digit of u?
3
Suppose 2*n - 24 = -5*a, -19 = -5*a + n - 1. Suppose w = a*k - 14, -w - 18 = -4*k - k. Suppose 4*c - 63 = -x, k*x - x + c = 145. What is the tens digit of x?
4
Let v = 1819 + 241. What is the tens digit of v?
6
Suppose 0*r + 18 = 6*r. Suppose -5*c + 3*v = -259 + 61, r*c - 119 = 2*v. What is the units digit of c?
9
Suppose h + 1 = -4*v - 3, 0 = 3*v + 3. Suppose -4*j = 3*w + 9, -2*w = 3*j - h + 8. Let i = 20 + j. What is the tens digit of i?
1
Let i = -60 + 108. Let h be 4/14 + (-484)/28. What is the units digit of (h/(-4))/(12/i)?
7
Let q be 32/10 + (-2)/10. Let n(k) = 4*k**2 - 1. Let v be n(-1). Suppose v*u - 6 = 0, 4*i + q*u - 24 = 3*i. What is the tens digit of i?
1
What is the tens digit of 4 + (-5742)/(1 + -7)?
6
Let z(y) = 4*y**3 - y**2 + y - 8. Suppose 13 = -j + 9. Let a(u) = 5*u**3 + 2*u - 9. Let d(w) = j*z(w) + 3*a(w). What is the tens digit of d(4)?
1
Let g(q) = -79*q + 2*q**2 + 87*q + 1 - 15. What is the hundreds digit of g(9)?
2
Let t be (-1)/6*-3*(9 - -1). Let z be ((-44)/(-6))/((-3)/(-9)). Let f = z - t. What is the units digit of f?
7
Suppose a + 4*l - 5*l = 3, -a - 2*l = 12. Let w(j) = -5*j**3 - 3*j**2 - 5*j - 1. What is the units digit of w(a)?
7
Let k = -30 - -21. Let b be ((324/14)/3)/((-17)/(-119)). What is the tens digit of ((-10)/4)/(k/b)?
1
Let h(g) be the first derivative of 15*g**2/2 + 8*g + 5. What is the units digit of h(5)?
3
Suppose -3*x + 3772 = -2372. What is the units digit of x?
8
Suppose -29*w = -2358 - 3732. What is the hundreds digit of w?
2
Let s(f) = -15*f**3 - 3*f**2 - 5*f - 1. Let v be s(-2). Let d = -87 + v. What is the tens digit of d?
3
Suppose 2*b = -b + 15. Suppose -4*q - 45 = q + b*y, 0 = q - y + 9. What is the tens digit of (3/q)/(3/(-117))?
1
What is the hundreds digit of (-63 + 67)/((-1)/(-303))?
2
Let i(r) = 172*r**2 + 11*r + 42. What is the thousands digit of i(-4)?
2
Let j(l) = -l + 7. Let k(p) = p - 1. Let o be k(7). Let y be j(o). Let z(a) = 70*a**3 + a**2 - 2*a + 2. What is the units digit of z(y)?
1
Let h(p) = -7*p - 19. Let y be h(-2). Let s(x) = -12*x - 30. What is the tens digit of s(y)?
3
Let t(p) = -5*p**3 - 4*p**2 - 10*p + 9. Let f be t(-4). Let s = f + -87. What is the hundreds digit of s?
2
Let f(d) = -6*d**2 - 193*d + 29. What is the units digit of f(-29)?
0
Let t(m) = -m**3 - 6*m**2 + 5*m - 9. Let g be t(-7). Suppose 50 = -g*r + 10*r. What is the units digit of r?
0
Suppose h + l = 5*h - 24, 41 = 5*h - 4*l. Suppose 0 = g - h*g + 208. What is the units digit of g?
2
What is the tens digit of (-1045)/(-25) - (-12)/10?
4
Let q = 130 + -94. Suppose 37 = 4*m + 5*g, -6*g = 2*m - g - 31. Suppose -q = -7*i + m*i. What is the units digit of i?
9